{"id":95,"date":"2016-11-27T21:14:44","date_gmt":"2016-11-27T21:14:44","guid":{"rendered":"http:\/\/quintacastro.cl\/?page_id=95"},"modified":"2026-01-14T01:45:26","modified_gmt":"2026-01-14T04:45:26","slug":"oficiales","status":"publish","type":"page","link":"https:\/\/quintacastro.cl\/?page_id=95","title":{"rendered":"Oficiales"},"content":{"rendered":"<ul>\n<li><b>Ram\u00f3n Luis C\u00e1rcamo C\u00e1rdenas<\/b> &#8211; Director Honorario.<\/li>\n<li><strong>Renato\u00a0 Toro\u00a0 Alvarado<\/strong> &#8211; Director Honorario.<\/li>\n<li><strong>Alamiro Vargas Andrade-\u00a0<\/strong>Director Honorario.<\/li>\n<\/ul>\n<ul>\n<li><strong>Samuel Cuevas Redlich<\/strong> &#8211; Director.<\/li>\n<li><b>Gerardo Santana Pinol<\/b> &#8211; Capit\u00e1n.<\/li>\n<li><strong>Cristian Vargas Aguila <\/strong>&#8211; Teniente 1\u00ba<\/li>\n<li><strong><b>Cristian Paredes Carrasco<\/b><\/strong> &#8211; Teniente 2\u00ba<\/li>\n<li><strong><b>Nicolas Cuevas Gonzalez<\/b> <\/strong>&#8211;\u00a0Teniente 3\u00ba<\/li>\n<li><strong>Sergio Alvarado Manquemilla<\/strong>\u00a0&#8211; Ayudante<\/li>\n<li><b>Luis Mu\u00f1oz Ortiz<\/b> &#8211; Secretario<\/li>\n<li><b>Esteban Barria Barrientos <\/b>&#8211;\u00a0Tesorero<\/li>\n<li><b>Vicente Pineda Aguilar<\/b>&#8211;\u00a0Pro-Secretario<\/li>\n<li><b>Renato Mac\u00edas\u00a0Mac\u00edas <\/b>&#8211;\u00a0Pro-Tesorero<\/li>\n<li><b>Bastian Alvarado Barrientos<\/b>&#8211;\u00a0\u00a0Jefe de M\u00e1quinas<\/li>\n<li><strong>David Maldonado Maldonado<\/strong> &#8211;\u00a0 Intendente<\/li>\n<\/ul>\n<ul>\n<li><b>Consejo Disciplina de CIA. :<\/b><\/li>\n<li>&#8211; Victor Guerrero Oyarz\u00fan.<\/li>\n<li>&#8211; Ricardo Barriga Soto.<\/li>\n<li>&#8211; Pablo Zarges Castillo.<\/li>\n<li>&#8211; Patricio Delgado \u00c1lvarez.<\/li>\n<li>&#8211; Claudio Pineda Ojeda.<\/li>\n<li><\/li>\n<\/ul>\n<ul>\n<li><strong>&#8211; Consejo Superior de Disciplina CBCastro :<br \/>\n<\/strong><\/li>\n<li>\u00a0&#8211;<\/li>\n<\/ul>\n<ul>\n<li><b>&#8211; Consejo Apelaci\u00f3n CBCastro :<\/b><\/li>\n<li>\u00a0&#8211; Javier Pineda ojeda<\/li>\n<\/ul>\n","protected":false},"excerpt":{"rendered":"<p>Ram\u00f3n Luis C\u00e1rcamo C\u00e1rdenas &#8211; Director Honorario. Renato\u00a0 Toro\u00a0 Alvarado &#8211; Director Honorario. Alamiro Vargas Andrade-\u00a0Director Honorario. Samuel Cuevas Redlich &#8211; Director. Gerardo Santana Pinol &#8211; Capit\u00e1n. Cristian Vargas Aguila &#8211; Teniente 1\u00ba Cristian Paredes Carrasco &#8211; Teniente 2\u00ba Nicolas Cuevas Gonzalez &#8211;\u00a0Teniente 3\u00ba Sergio Alvarado Manquemilla\u00a0&#8211; Ayudante Luis Mu\u00f1oz Ortiz &#8211; Secretario Esteban Barria<br \/><a class=\"btn btn-theme post-btn\" href=\"https:\/\/quintacastro.cl\/?page_id=95\">Leer m\u00e1s<\/a><\/p>\n","protected":false},"author":1,"featured_media":0,"parent":0,"menu_order":0,"comment_status":"closed","ping_status":"closed","template":"","meta":{"footnotes":""},"class_list":["post-95","page","type-page","status-publish","hentry"],"_links":{"self":[{"href":"https:\/\/quintacastro.cl\/index.php?rest_route=\/wp\/v2\/pages\/95","targetHints":{"allow":["GET"]}}],"collection":[{"href":"https:\/\/quintacastro.cl\/index.php?rest_route=\/wp\/v2\/pages"}],"about":[{"href":"https:\/\/quintacastro.cl\/index.php?rest_route=\/wp\/v2\/types\/page"}],"author":[{"embeddable":true,"href":"https:\/\/quintacastro.cl\/index.php?rest_route=\/wp\/v2\/users\/1"}],"replies":[{"embeddable":true,"href":"https:\/\/quintacastro.cl\/index.php?rest_route=%2Fwp%2Fv2%2Fcomments&post=95"}],"version-history":[{"count":20,"href":"https:\/\/quintacastro.cl\/index.php?rest_route=\/wp\/v2\/pages\/95\/revisions"}],"predecessor-version":[{"id":9715,"href":"https:\/\/quintacastro.cl\/index.php?rest_route=\/wp\/v2\/pages\/95\/revisions\/9715"}],"wp:attachment":[{"href":"https:\/\/quintacastro.cl\/index.php?rest_route=%2Fwp%2Fv2%2Fmedia&parent=95"}],"curies":[{"name":"wp","href":"https:\/\/api.w.org\/{rel}","templated":true}]}}